ue
Is 12038987 a prime number?
False
Is 17638967 composite?
True
Is 5076551 composite?
False
Is 2805211 composite?
True
Is 43569013 a prime number?
False
Is 5721743 a prime number?
True
Is 7006451 prime?
True
Is 369553399 a prime number?
False
Is 7508615 a composite number?
True
Is 1355579 prime?
True
Is 208559513 prime?
False
Is 57229019 a prime number?
True
Is 1873114 a composite number?
True
Is 4989557 a prime number?
False
Is 7216909 prime?
False
Is 808562531 prime?
False
Is 8773397 prime?
False
Is 769003 a composite number?
False
Is 11476859 composite?
False
Is 300456449 prime?
True
Is 5784557 composite?
False
Is 4076797 composite?
True
Is 9235379 prime?
False
Is 919499 a prime number?
False
Is 1484177 composite?
False
Is 2791493 a composite number?
False
Is 94520669 a composite number?
False
Is 88839913 a composite number?
True
Is 594789969 composite?
True
Is 90038141 composite?
True
Is 12691451 a composite number?
False
Is 17199653 composite?
True
Is 11330491 a composite number?
False
Is 2467043 composite?
False
Is 5787679 prime?
False
Is 10285133 a composite number?
True
Is 4091069 a composite number?
False
Is 125042587 a prime number?
True
Is 32867393 a composite number?
True
Is 2855629 composite?
True
Is 11726423 composite?
True
Is 198789557 prime?
True
Is 688907 a prime number?
True
Is 370762351 a composite number?
False
Is 11737217 a composite number?
False
Is 2964253 prime?
True
Is 110962217 composite?
False
Is 232129 a composite number?
False
Is 1718551 prime?
True
Is 9090457 composite?
True
Is 9717359 a prime number?
False
Is 67501903 a composite number?
True
Is 19102193 prime?
False
Is 5681981 composite?
False
Is 40109527 prime?
True
Is 18686555 prime?
False
Is 5919229 composite?
False
Is 5304673 composite?
True
Is 141475069 composite?
True
Is 32828929 a composite number?
True
Is 2059891 composite?
False
Is 896263 a composite number?
False
Is 719369653 a composite number?
True
Is 218737 prime?
True
Is 96728563 a prime number?
False
Is 96766511 a composite number?
False
Is 5128691 prime?
True
Is 1292219 composite?
False
Is 298559 a prime number?
True
Is 1764727 prime?
True
Is 2773679 a composite number?
False
Is 13224269 composite?
False
Is 13107541 prime?
True
Is 87626321 a composite number?
False
Is 231217193 a composite number?
True
Is 53043443 a prime number?
False
Is 8924879 composite?
False
Is 25922393 a composite number?
True
Is 3650935 composite?
True
Is 1193249797 a prime number?
False
Is 3552529 a prime number?
False
Is 221873 a prime number?
True
Is 10403389 a prime number?
True
Is 95833 composite?
True
Is 67973 composite?
True
Is 91951037 a prime number?
True
Is 1423363 composite?
True
Is 8563069 a prime number?
False
Is 58652939 a prime number?
False
Is 6812387 a prime number?
False
Is 6503771 composite?
False
Is 35726813 composite?
False
Is 36538714 a composite number?
True
Is 41256118 composite?
True
Is 49835077 a prime number?
False
Is 134676187 prime?
True
Is 201189053 a prime number?
False
Is 17631326 a prime number?
False
Is 32882677 prime?
False
Is 45416801 a prime number?
True
Is 1797009 prime?
False
Is 7028057 a prime number?
True
Is 9831257 composite?
True
Is 2715742 composite?
True
Is 6313721 a composite number?
False
Is 267306681 a prime number?
False
Is 22682417 prime?
True
Is 8716957 a prime number?
True
Is 698743 composite?
True
Is 46519829 composite?
False
Is 23594533 a prime number?
True
Is 45579007 prime?
False
Is 91806149 composite?
False
Is 269472058 a composite number?
True
Is 4465763 a prime number?
True
Is 6017911 a composite number?
True
Is 6359741 composite?
True
Is 1074461 a prime number?
True
Is 677933831 a composite number?
True
Is 106710229 a composite number?
False
Is 902281 composite?
False
Is 291155827 a composite number?
True
Is 115427779 composite?
False
Is 308437 a prime number?
True
Is 307538557 prime?
False
Is 98040121 a composite number?
True
Is 8273119 a prime number?
True
Is 144285809 composite?
True
Is 159204009 a composite number?
True
Is 1762157 composite?
False
Is 334596373 composite?
True
Is 1250237 a prime number?
True
Is 7589239 a prime number?
False
Is 114926927 composite?
False
Is 19529 a composite number?
True
Is 5216999 a composite number?
True
Is 3937229 composite?
False
Is 506347 prime?
True
Is 5119319 composite?
False
Is 37648643 prime?
True
Is 428333 composite?
True
Is 147600317 composite?
False
Is 17817791 composite?
False
Is 4012289 a composite number?
True
Is 765599 a prime number?
False
Is 8203187 prime?
True
Is 102305017 a prime number?
True
Is 761179 a composite number?
False
Is 11576797 a prime number?
False
Is 2826481 a prime number?
False
Is 941813 prime?
True
Is 181745479 a prime number?
True
Is 549761 composite?
True
Is 3660231 composite?
True
Is 271512547 a prime number?
True
Is 47182211 prime?
True
Is 529817 prime?
False
Is 17347663 a prime number?
True
Is 719557 a prime number?
True
Is 13862194 a prime number?
False
Is 25835729 prime?
True
Is 920042563 composite?
True
Is 24597829 a prime number?
False
Is 12294497 a prime number?
True
Is 1066631 prime?
False
Is 699278897 a composite number?
True
Is 327763591 a prime number?
True
Is 1468079 a composite number?
False
Is 3955397 prime?
False
Is 124458519 prime?
False
Is 1898009 a prime number?
True
Is 141965003 a prime number?
False
Is 6649131 composite?
True
Is 36923261 a prime number?
True
Is 7036493 composite?
False
Is 10811119 composite?
True
Is 1883573 a prime number?
True
Is 407633 prime?
True
Is 70770587 a prime number?
True
Is 41313787 prime?
True
Is 6192113 prime?
True
Is 6509533 a prime number?
False
Is 2217451 prime?
False
Is 326657 composite?
False
Is 19415023 a prime number?
False
Is 856046641 prime?
True
Is 269267057 composite?
False
Is 3100421 composite?
False
Is 6718633 composite?
True
Is 1158187 a prime number?
True
Is 9342149 prime?
True
Is 54477487 prime?
True
Is 3119489 prime?
False
Is 15123671 prime?
True
Is 167729 composite?
False
Is 21770521 composite?
False
Is 3187207 a prime number?
False
Is 13370723 prime?
True
Is 845877 a composite number?
True
Is 64882113 a composite number?
True
Is 22617209 prime?
False
Is 7170539 prime?
True
Is 6404987 composite?
False
Is 236309 prime?
False
Is 20150209 composite?
True
Is 2350609 composite?
False
Is 15172723 prime?
True
Is 8346019 a composite number?
True
Is 18130697 composite?
True
Is 1271188621 a composite number?
False
Is 203996579 prime?
True
Is 23593333 prime?
False
Is 34798667 a composite number?
False
Is 82487 a prime number?
True
Is 4014259 a composite number?
True
Is 2942497 composite?
True
Is 3392443 composite?
False
Is 42269831 a composite number?
True
Is 2886743 composite?
False
Is 7713337 a prime number?
False
Is 2239957 composite?
False
Is 359640431 prime?
True
Is 1044499 a composite number?
True
Is 14366759 a prime number?
False
Is 10161355 a prime number?
False
Is 60739897 composite?
False
Is 3508889 composite?
False
Is 115092697 composite?
True
Is 7483057 a composite number?
False
Is 182511755 composite?
True
Is 72521363 composite?
True
Is 2016049 prime?
False
Is 1060777 a composite number?
False
Is 15660209 a composite number?
True
Is 21089273 a composite number?
False
Is 89322719 composite?
False
Is 1540183 a composite number?
True
Is 182253179 a composite number?
False
Is 1283159 composite?
False
Is 5232359 composite?
True
Is 14750633 composite?
False
Is 60963403 composite?
True
Is 46233479 composite?
True
Is 28085197 composite?
True
Is 1202069 composite?
True
Is 339007309 a composite number?
False
Is 79549763 prime?
False
Is 32983199 a prime number?
True
Is 818473 composite?
False
Is 1320377 composite?
False
Is 2119049 a composite number?
True
Is 38850743 a prime number?
True
Is 49571663 a prime number?
False
Is 1050911 a composite number?
True
Is 22531 prime?
True
Is 366025391 composite?
False
Is 268897 prime?
True
Is 3030469 prime?
False
Is 201819361 a prime number?
True
Is 99684539 composite?
True
Is 25449751 prime?
True
Is 56333 a prime number?
True
Is 98388539 a prime number?
False
Is 613961119 a prime number?
False
Is 4966211 composite?
True
Is 443174 composite?
True
Is 10324511 a prime number?
False
Is 3778531 a prime number?
True
Is 38329747 composite?
True
Is 20106157 composite?
False
Is 193114 composite?